.
92
Calculate the greatest common divisor of 512 and 131744.
32
What is the highest common divisor of 64 and 137?
1
What is the highest common divisor of 141288 and 406?
406
Calculate the greatest common divisor of 126 and 12460.
14
What is the greatest common divisor of 730493 and 133?
19
Calculate the highest common divisor of 496398 and 4237.
223
What is the highest common factor of 1664 and 77896?
104
Calculate the greatest common divisor of 7 and 3007515.
7
What is the highest common divisor of 46950 and 74400?
150
Calculate the highest common divisor of 2 and 191996.
2
What is the highest common factor of 18426 and 10434?
222
Calculate the highest common divisor of 261736 and 8.
8
Calculate the greatest common divisor of 4471 and 34.
17
Calculate the highest common divisor of 19554 and 114.
6
What is the greatest common factor of 512231 and 223?
223
Calculate the highest common factor of 69979 and 403.
13
Calculate the highest common factor of 42678 and 18.
18
Calculate the highest common divisor of 840 and 71064.
168
Calculate the highest common divisor of 130 and 80210.
130
Calculate the greatest common divisor of 41327 and 286.
143
What is the highest common factor of 50985 and 315?
45
Calculate the highest common factor of 117798 and 174.
174
What is the greatest common factor of 432 and 30696?
24
Calculate the highest common factor of 2276 and 1480.
4
What is the highest common divisor of 15 and 75585?
15
What is the highest common divisor of 322576 and 64?
16
Calculate the greatest common factor of 242062 and 1016.
254
Calculate the highest common divisor of 637 and 3065244.
637
Calculate the greatest common divisor of 27725 and 413657.
1109
Calculate the highest common factor of 2196 and 900.
36
Calculate the greatest common divisor of 13 and 17290.
13
Calculate the greatest common divisor of 336 and 31143.
21
Calculate the highest common factor of 282 and 351.
3
Calculate the greatest common factor of 254140 and 776.
388
Calculate the greatest common factor of 182886 and 28050.
1122
Calculate the greatest common divisor of 178245 and 12087.
153
Calculate the highest common factor of 2408154 and 210.
42
What is the highest common factor of 7656 and 55187?
319
What is the highest common factor of 527988 and 276?
276
Calculate the greatest common factor of 24490 and 50955.
395
What is the greatest common factor of 35936 and 928?
32
Calculate the highest common divisor of 6984 and 696.
24
What is the greatest common divisor of 199 and 46?
1
What is the highest common divisor of 6497 and 8249?
73
What is the greatest common factor of 32 and 21824?
32
Calculate the greatest common divisor of 324 and 19359.
81
Calculate the highest common divisor of 288 and 2675664.
144
What is the greatest common factor of 1631864 and 781?
71
Calculate the highest common divisor of 973 and 3044656.
139
Calculate the highest common divisor of 1354372 and 5571.
619
What is the highest common divisor of 54 and 3051?
27
What is the greatest common factor of 8428 and 326972?
172
Calculate the greatest common divisor of 96 and 34816.
32
Calculate the greatest common factor of 183 and 511729.
61
What is the highest common factor of 504 and 252024?
24
What is the greatest common divisor of 86295 and 170?
5
What is the highest common factor of 30810 and 2730?
390
Calculate the highest common divisor of 18205 and 539.
11
Calculate the highest common divisor of 138593 and 7917.
91
Calculate the greatest common divisor of 87783 and 2784.
87
What is the highest common factor of 9020 and 770?
110
Calculate the highest common factor of 277464 and 264.
264
Calculate the greatest common factor of 26154 and 468.
18
Calculate the greatest common divisor of 363 and 5478.
33
What is the highest common factor of 21 and 36225?
21
Calculate the highest common divisor of 157 and 349796.
157
Calculate the highest common factor of 520 and 4040.
40
What is the highest common divisor of 228 and 60477?
57
Calculate the highest common divisor of 999 and 46509.
111
What is the greatest common factor of 69 and 265719?
69
Calculate the highest common divisor of 17546 and 11886.
566
Calculate the highest common factor of 494 and 4727086.
494
What is the highest common factor of 220 and 180520?
20
Calculate the highest common divisor of 6 and 47516.
2
Calculate the greatest common factor of 23948 and 28.
4
What is the highest common divisor of 502422 and 12?
6
Calculate the highest common divisor of 35 and 15267.
7
Calculate the highest common factor of 146537 and 667.
29
What is the greatest common divisor of 42957 and 73926?
999
Calculate the highest common factor of 630 and 25.
5
What is the greatest common divisor of 2946 and 75614?
982
Calculate the highest common factor of 173646 and 198.
198
What is the greatest common factor of 62472 and 96?
24
What is the highest common factor of 112751 and 685?
137
What is the greatest common factor of 698022 and 38?
38
Calculate the highest common factor of 1681358 and 42.
14
What is the highest common factor of 27717 and 15?
3
Calculate the highest common divisor of 4065 and 960.
15
Calculate the highest common divisor of 10836 and 4396.
28
Calculate the greatest common divisor of 9396 and 6822.
18
Calculate the highest common factor of 643 and 704728.
643
Calculate the greatest common divisor of 707229 and 8055.
1611
What is the highest common divisor of 2793 and 4161?
57
What is the greatest common divisor of 3154 and 6474?
166
Calculate the greatest common factor of 26620 and 3872.
484
What is the greatest common divisor of 1256 and 648?
8
What is the highest common divisor of 1994841 and 81?
27
Calculate the greatest common factor of 100 and 1232300.
100
Calculate the highest common factor of 2186294 and 22.
22
Calculate the highest common divisor of 39831 and 7293.
561
Calculate the greatest common divisor of 72 and 169752.
24
What is the highest common factor of 192 and 21048?
24
What is the highest common divisor of 852 and 2611806?
426
What is the greatest common factor of 2132008 and 4?
4
What is the greatest common divisor of 1470 and 7014?
42
What is the greatest common divisor of 127 and 3113?
1
Calculate the greatest common divisor of 8614 and 511.
73
What is the highest common divisor of 6726 and 67146?
114
Calculate the highest common factor of 449440 and 30.
10
Calculate the highest common factor of 139810 and 40238.
682
Calculate the greatest common factor of 162 and 1833354.
162
What is the greatest common factor of 88 and 7583136?
88
What is the greatest common divisor of 13724 and 50196?
188
Calculate the greatest common factor of 9799 and 63096.
239
Calculate the highest common factor of 399742 and 294.
98
What is the greatest common divisor of 2070 and 23?
23
What is the greatest common divisor of 641248 and 29696?
928
What is the highest common factor of 669228 and 1488?
372
Calculate the highest common divisor of 3857 and 8341.
19
Calculate the greatest common divisor of 515976 and 252.
12
Calculate the highest common factor of 105 and 12435.
15
Calculate the highest common divisor of 956635 and 1110.
185
Calculate the highest common divisor of 3906 and 5950.
14
What is the greatest common factor of 655 and 239861?
131
What is the greatest common divisor of 6615 and 1467585?
945
Calculate the greatest common divisor of 27 and 3114045.
27
Calculate the highest common divisor of 21 and 8826.
3
Calculate the greatest common divisor of 90 and 5274.
18
What is the highest common divisor of 40374 and 18?
18
What is the highest common divisor of 675 and 17955?
135
What is the highest common divisor of 156 and 26430?
6
Calculate the greatest common factor of 363352 and 616.
88
Calculate the highest common divisor of 33078 and 1110.
222
Calculate the highest common factor of 418 and 656678.
418
Calculate the greatest common factor of 4340 and 21280.
140
Calculate the greatest common divisor of 104 and 157392.
8
What is the greatest common factor of 302072 and 1464?
488
What is the greatest common factor of 64469 and 46?
23
What is the greatest common factor of 86 and 779891?
43
Calculate the greatest common factor of 532 and 9716.
28
What is the greatest common divisor of 240 and 2960?
80
What is the highest common factor